NOAA-Style Climate Reports


Report for 2024 May

Daily noaa report



                            MONTHLY CLIMATOLOGICAL SUMMARY for MAY. 2024

NAME: Ballaugh   CITY: Isle of Man STATE: UK
ELEV: 30m LAT: 054.18 N LONG: 004.32 W

                            TEMPERATURE ( °C), RAIN (mm), WIND SPEED (mph)

                                               HEAT     COOL           AVG
      MEAN                                     DEG      DEG            WIND                       DOM
DAY   TEMP    HIGH   TIME     LOW    TIME      DAYS     DAYS    RAIN   SPEED    HIGH    TIME      DIR
--------------------------------------------------------------------------------------------------------
01    11.4    15.7   14:32    08.3   07:26     06.9     00.0    01.0   01.8     14.9    13:03     ESE
02    13.1    17.1   14:33    09.8   06:42     05.2     00.0    00.0   12.6     29.9    22:45     ENE
03    11.6    15.6   14:21    08.8   05:29     06.7     00.0    00.0   06.0     28.8    00:18     ENE
04    11.3    12.8   10:58    10.7   06:07     07.0     00.0    03.8   01.1     13.8    16:29     SSW
05    11.8    14.7   16:46    10.4   22:56     06.5     00.0    00.6   00.1     06.9    00:49      W 
06    11.2    12.6   16:43    10.1   07:25     07.1     00.0    00.2   00.9     12.7    18:28     WNW
07    12.2    16.1   16:08    08.9   23:14     06.1     00.0    00.0   01.4     11.5    16:23      N 
08    13.1    16.5   16:22    09.2   01:25     05.2     00.0    00.0   02.1     13.8    15:04     WSW
09    13.9    17.3   17:58    10.5   00:00     04.4     00.0    00.0   02.2     13.8    15:29     WSW
10    15.2    21.4   19:46    08.7   02:14     03.1     00.0    00.0   00.6     09.2    16:02      W 
11    18.4    24.0   11:46    11.4   05:58     00.0     00.1    00.0   02.1     19.6    15:53     SSE
12    16.8    21.4   16:36    13.1   23:39     01.5     00.0    00.0   03.9     19.6    08:37      S 
13    13.7    15.9   13:09    12.3   01:41     04.6     00.0    18.4   04.7     23.0    17:17      SE
14    14.9    18.9   17:21    12.2   04:01     03.4     00.0    04.4   03.5     19.6    08:43     ESE
15    15.7    20.2   14:24    12.7   23:54     02.6     00.0    00.0   05.1     19.6    09:06      E 
16    15.3    19.7   11:56    11.6   06:12     03.0     00.0    00.0   03.6     18.4    23:15      NE
17    14.6    18.9   13:25    11.8   00:00     03.7     00.0    00.0   05.0     19.6    00:23     ENE
18    12.8    16.5   17:56    10.0   02:46     05.5     00.0    00.0   01.3     09.2    16:58     WSW
19    13.5    16.6   15:30    08.8   05:33     04.8     00.0    00.0   02.0     10.3    18:31      W 
20    15.4    20.3   13:02    10.2   01:17     02.9     00.0    00.0   03.1     17.3    16:36      E 
21    15.1    19.4   16:41    11.8   06:26     03.2     00.0    00.0   03.1     14.9    08:51     ENE
22    12.0    13.1   08:15    10.3   00:00     06.3     00.0    21.6   05.7     33.4    23:35      NW
23    10.0    10.5   16:27    09.4   06:30     08.3     00.0    09.4   10.8     34.5    05:10      NW
24    11.3    13.7   13:49    10.1   01:28     07.0     00.0    00.4   00.4     08.1    22:22     WSW
25    14.2    19.3   15:56    10.4   00:57     04.1     00.0    00.2   02.2     18.4    22:36      SE
26    13.5    16.2   20:01    11.4   22:45     04.8     00.0    00.8   02.9     21.9    00:47     SSE
27    12.7    16.1   17:10    10.7   07:42     05.6     00.0    02.8   04.9     19.6    20:16      SW
--------------------------------------------------------------------------------------------------------
13.5 (13.8)   24.0  day 11     08.3  day 01   129.6    000.1   063.6   03.4     34.5   day 23      E 
Min <   30: 27
Max Rain: 21.6 ON 22-05-24
Days of Rain: 12 (> .2mm) 6 (> 2mm) 1 (> 20mm)



Free Website Hit Counter
Free website hit counter